+ 22 = 2*d - w*m. What is the units digit of d?
5
Let s = -25 - -36. What is the units digit of s?
1
Let x(r) = -r + 8. Let m(d) = d**2 - 4*d + 4. Let n be m(4). Let f be x(n). Suppose f = p - 9. What is the units digit of p?
3
Let x(j) be the first derivative of j**6/120 - 2*j**3/3 - 4. Let w(k) be the third derivative of x(k). What is the units digit of w(1)?
3
Let g(b) = b**3 + 16*b**2 + 10*b. What is the units digit of g(-15)?
5
Let l(n) = -n**3 + 1. Let k be l(0). Suppose y = 10 - 6. Let s = y + k. What is the units digit of s?
5
Let h(l) = l**2 - 6*l. Let m be h(6). Suppose o - 1 = m, -5*o + 49 = 5*v - o. What is the units digit of v?
9
Suppose -5*y + 467 = -503. What is the hundreds digit of y?
1
Let w = 1 - -1. Suppose 5*c - 90 = w*c. What is the tens digit of c?
3
What is the tens digit of (2 - -4)/(3/14)?
2
Let d = -4 - 0. What is the units digit of (-24)/(-9) - d/(-6)?
2
What is the hundreds digit of ((-4)/6)/(1/(3171/(-14)))?
1
Suppose 0 = h - 4*x - 113, 4*x + 214 = 2*h - 0*h. What is the units digit of h?
1
Let b be (-3*1 - -1)*-1. Suppose -2*y - 4*l - 2 + 50 = 0, -b*y - l = -33. Suppose -d - 7 = -m, -2*m - 5*d = -4*m + y. What is the units digit of m?
7
Let u(f) be the second derivative of -f**4/12 + f**3 + 3*f**2/2 - 6*f. Suppose -5*v - 2 + 17 = 0. What is the tens digit of u(v)?
1
Let w be -1*(-5)/((-15)/(-9)). Suppose 0*v + w*v - 21 = 0. What is the units digit of v?
7
Let o(r) = r**2 - 2*r + 8. What is the units digit of o(7)?
3
Suppose 2*b = 2*g - 32 + 98, -5*b + 2*g = -174. What is the tens digit of b?
3
Let t be 133/21 - 2/6. Let n(x) = 5*x - 14. What is the tens digit of n(t)?
1
What is the tens digit of (2 - 21/4)/(5/(-100))?
6
Let v = 66 + 141. What is the units digit of v?
7
What is the units digit of (-6)/(-10) - (-122)/5?
5
Let x be (8/6)/((-4)/(-42)). Suppose b = x + 17. What is the units digit of b?
1
Let f(v) = v**2 + 10*v + 6. What is the units digit of f(6)?
2
Let r(i) = i + 1. Suppose x - w - 1 = 0, 2*x = 4*w - 3 + 9. Let j be r(x). Let t(s) = -s**2 - s + 4. What is the units digit of t(j)?
4
Suppose 5*a - 44 = 31. What is the tens digit of a?
1
Let g = 18 + -8. Let r = g - 3. What is the units digit of r?
7
Let h(u) = -u + 7. Let g be h(7). Suppose -4*a + 3 + 9 = g. Suppose -4 + 7 = a*z, -5*m = -2*z - 38. What is the units digit of m?
8
Suppose -10*i + 133 = -807. What is the tens digit of i?
9
Suppose 22*t + 3492 = 34*t. What is the tens digit of t?
9
Let r = 2 - -71. Suppose 3*l - 2*g - 35 = 0, -4*g - r = -5*l - 8*g. What is the units digit of l?
3
Let n = 7 + -6. What is the units digit of n?
1
Let o = -57 + 113. Suppose -5*z - 1 = -o. What is the tens digit of z?
1
Let j = 58 - 30. Suppose q = 3 + j. What is the tens digit of q?
3
Let v be ((-4)/(-2))/(1/2). What is the units digit of (14/v)/(1/2)?
7
Suppose 0 = -4*g - 2*v + 10, -4*g + 9 = -2*v + 5*v. Suppose 0 = -4*q + 5*o - 6, q + 2*o - 5 = -0*q. Suppose -g = -n - q. What is the units digit of n?
2
Let q(f) = -f**2 - 2*f + 4. Let m be q(-4). What is the tens digit of 4/((8/(-13))/m)?
2
What is the tens digit of (-2)/4*256/(-2)?
6
Suppose -3*w + 237 = -12. Suppose -7 - w = -5*a. What is the tens digit of a?
1
Let i(l) = -12*l**3 - 2*l**2 + 1. Let j = -7 - -8. Let v be i(j). Let y = -8 - v. What is the units digit of y?
5
Let y be (-3 + 4/2)*-1. Let b be (y/(-2))/(1/(-6)). What is the units digit of 4/6 - (-13)/b?
5
Suppose 2*v - 284 = -0*v. Suppose v = 5*k - 158. Suppose 4*r = -5*t + k, t - r + 3 - 15 = 0. What is the tens digit of t?
1
Let g(o) = 5*o**3 + 3*o - 2. Let r be g(2). Let u = -20 + r. What is the tens digit of u?
2
Suppose v - g = 2*v - 98, -5*v - 4*g + 485 = 0. What is the tens digit of v?
9
Let m(z) = -z + 4*z**2 - 3*z**2 - 6*z + 5*z**2 + 2 + z**3. What is the units digit of m(-7)?
2
Let u = -1 - -7. Suppose 2*z - 56 = 3*s, -5*z + 2*s - u = -135. What is the units digit of z?
5
Suppose -r - 350 = -6*r. What is the units digit of r?
0
Let j = 42 - 20. What is the tens digit of j?
2
Let t(u) = u**2 - 5*u - 3. Let p be t(4). Let h = p + 14. Suppose h = -4*g + 23. What is the units digit of g?
4
Let c = -3 + 0. Let i(p) = 2*p**2 + 3*p + 1. Let u be i(c). What is the units digit of (-4)/u + 54/10?
5
Let z = -3 - -5. Suppose 0*l = -5*m - 2*l + 10, 2*l = z*m + 10. Suppose -4*u + 0*u = m, 4*r = -2*u + 28. What is the units digit of r?
7
Let z = 5 + -1. Let v = z - -7. What is the tens digit of v?
1
Let k(y) = -y**3 + 6*y**2 - y - 2. Let v be k(4). Let n = -17 + v. What is the units digit of n?
9
Let m = 15 - 9. Suppose -9*w + 36 = -m*w. What is the tens digit of w?
1
Suppose -2 = 4*f - i, 3*f + 2*i - 3 - 1 = 0. Suppose f*d + d = 40. What is the tens digit of d?
4
Let o = 229 - 109. Suppose 2*z + 3*h - 5*h - 62 = 0, 0 = -5*z - 2*h + o. What is the tens digit of z?
2
Let x be 3/(-3)*-2 - 105. Let m = x - -147. What is the units digit of m/10 + 6/(-15)?
4
Let q = -103 - -330. What is the units digit of q?
7
Suppose 3*j - 117 = 3*p, -3*j = -4*p + 5*p - 129. Let k = 1 + j. What is the tens digit of k?
4
Let k(g) = -g - 1. Let y be k(-3). Suppose y*j - 9 = -j. Suppose -t = -c + 5, 0*c + t - j = -c. What is the units digit of c?
4
Suppose -4*q = -88 - 8. Suppose 4*p - 13 = -1. Suppose -4*d + q = -i - i, 0 = -p*i. What is the units digit of d?
6
Let z = 212 - 105. What is the tens digit of z?
0
Let x(d) = d**2 + 7*d + 5. Let n(i) = i**2 + 7*i + 4. Let a(j) = -2*n(j) + 3*x(j). Suppose 24 = -y - 3*y. What is the units digit of a(y)?
1
Let s(r) be the second derivative of r**3/6 - 3*r**2 - 3*r. Let u be s(6). Suppose u = -2*x + 11 + 11. What is the tens digit of x?
1
Let o = 4 - 3. Suppose -2*v - o = -v. What is the units digit of (-3 - v)*7/(-2)?
7
Let s be (-758)/(-9) + 8/(-36). Suppose 0 = 5*r - 61 - s. What is the tens digit of r?
2
Let p = 3 + 3. Let t be (-3)/p*18/(-3). Suppose t*q - 23 = 2*c - c, 3*q = 4*c + 29. What is the units digit of q?
7
Let q(x) be the second derivative of x**3/6 + 3*x**2/2 - x. What is the units digit of q(-2)?
1
Suppose 0 = c - 0*c - 6. Let g(h) = h**3 - 4*h**2 - 7*h - 5. Let t be g(c). Suppose 4*z - 4*q - 31 = t, -2*q + 56 = 5*z. What is the tens digit of z?
1
Let z be -3 - (-11 + 2 + 1). Let v = 1 - 1. Suppose v*h - z*h = 2*n - 29, -n + 4 = h. What is the units digit of h?
7
Let m(y) = 4 + 13*y - 5*y - 3*y**2 + 3*y**3 + 0. Let r(x) = 7*x**3 - 7*x**2 + 17*x + 9. Let n(h) = -9*m(h) + 4*r(h). What is the units digit of n(3)?
6
Let s be (-3 - -5)*1*2. Let v be 8/(-6) - s/(-12). What is the units digit of v/(-2) + 162/12?
4
Let i be (6/18)/(2/438). Suppose -4*d + 257 = i. What is the units digit of d?
6
Let g = 8 + 32. Let j = g + -29. What is the units digit of j?
1
Suppose -5*d - 5 = -25, 0 = 4*v + 4*d - 32. What is the units digit of v?
4
Suppose 0 = -r + 1 - 2. What is the units digit of -3*((-3)/(-9) + r)?
2
Let y = 3 + 7. What is the tens digit of y?
1
Suppose 0 = 2*p + 3*g + 4, 0 = -3*p - 2*p - 5*g - 5. Let k be ((-3 - -4)*1)/p. Let u = 6 - k. What is the units digit of u?
5
Suppose 35 = -4*z + 5*z. What is the tens digit of z?
3
Let h be 51/7 + (-2)/7. Let t = h - 1. Suppose -4*b + 25 = -5*r - 21, -3*r = t. What is the units digit of b?
9
Suppose 0 = t + 2*q + 2*q - 20, t + 1 = 3*q. What is the units digit of t?
8
What is the tens digit of -23*2/3*21/(-14)?
2
Let i = 17 - -2. Let x be (i + (-2)/1)*1. Let z = x + -10. What is the units digit of z?
7
Let j(q) = q**2 + 6*q + 7. Suppose -7 = r - 0*r. What is the tens digit of j(r)?
1
Let k(o) be the second derivative of o**4/6 + o**3/2 - o**2/2 + o. What is the tens digit of k(2)?
1
What is the units digit of (10 - 14)/(1/(-4))?
6
Suppose 6 - 1 = w. Suppose -w*m = -6*m + 5. Suppose 3*f + 1 - m = -4*h, 4 = 4*h + 2*f. What is the units digit of h?
1
Suppose -64 = -4*b + 4*d, 0*b - 56 = -3*b - 5*d. Suppose 0 = 3*o + 2*s - 41, -2*o + 3*o - s = b. What is the units digit of (40/o)/((-4)/(-6))?
4
Let u(t) = 76*t**2 + 11*t - 5. Let s(x) = 15*x**2 + 2*x - 1. Let l(h) = 11*s(h) - 2*u(h). What is the tens digit of l(1)?
1
Let s(a) = -7*a + 5. Let m(r) = 6*r - 4. Let h(v) = 5*m(v) + 4*s(v). Let c be h(3). Suppose 2*d = c*d - 16. What is the units digit of d?
4
Let l = 476 - 692. What is the tens digit of l/(-20) + (-2)/(-10)?
1
Let r(l) = -l**3 - 17*l**2 - 21*l - 10. What is the ten